{"id":488143,"date":"2025-10-28T14:44:19","date_gmt":"2025-10-28T13:44:19","guid":{"rendered":"https:\/\/www.tui.ch\/de\/blog\/?page_id=488143"},"modified":"2025-10-28T15:55:53","modified_gmt":"2025-10-28T14:55:53","slug":"familienferien","status":"publish","type":"page","link":"https:\/\/www.tui.ch\/de\/blog\/familienferien\/","title":{"rendered":"Familienferien"},"content":{"rendered":"<div class=\"gb-container gb-container-af47a24d\"><div class=\"gb-inside-container\">\n<div class=\"gb-container gb-container-5c7c3cd9\"><div class=\"gb-inside-container\">\n<div class=\"gb-grid-wrapper gb-grid-wrapper-4674d008\">\n<div class=\"gb-grid-column gb-grid-column-e5cdbe06\"><div class=\"gb-container gb-container-e5cdbe06\">\n\n<p class=\"gb-headline gb-headline-3528e644 gb-headline-text\"><strong>Gemeinsam neue Abenteuer erleben \u2013 Familienferien zum Entdecken&nbsp;<\/strong><\/p>\n\n\n\n<p class=\"has-text-align-center\">Ferien mit Kindern heissen gemeinsames Staunen, Lachen und kleine Abenteuer, die noch lange in Erinnerung bleiben. Ob beim Planschen am See, beim Klettern in den Bergen oder beim Erkunden charmant kleiner Orte \u2013 alles dreht sich um gemeinsame Erlebnisse. Auf dem TUI Blog zeigen wir dir familienfreundliche Ziele, Tipps f\u00fcr stressfreie Ausfl\u00fcge und Ideen, wie ihr zusammen wertvolle Momente schafft, die euch noch lange begleiten.&nbsp;<\/p>\n\n<\/div><\/div>\n\n<div class=\"gb-grid-column gb-grid-column-d380042d\"><div class=\"gb-container gb-container-d380042d\">\n<div class=\"wp-block-image\">\n<figure class=\"aligncenter size-full is-resized\"><img loading=\"lazy\" decoding=\"async\" width=\"1778\" height=\"1778\" src=\"https:\/\/www.tui.ch\/de\/blog\/wp-content\/uploads\/2025\/10\/icon-kid.webp\" alt=\"\" class=\"wp-image-488157\" style=\"width:115px\" srcset=\"https:\/\/www.tui.ch\/de\/blog\/wp-content\/uploads\/2025\/10\/icon-kid.webp 1778w, https:\/\/www.tui.ch\/de\/blog\/wp-content\/uploads\/2025\/10\/icon-kid-444x444.webp 444w, https:\/\/www.tui.ch\/de\/blog\/wp-content\/uploads\/2025\/10\/icon-kid-563x563.webp 563w, https:\/\/www.tui.ch\/de\/blog\/wp-content\/uploads\/2025\/10\/icon-kid-768x768.webp 768w, https:\/\/www.tui.ch\/de\/blog\/wp-content\/uploads\/2025\/10\/icon-kid-1536x1536.webp 1536w, https:\/\/www.tui.ch\/de\/blog\/wp-content\/uploads\/2025\/10\/icon-kid-220x220.webp 220w, https:\/\/www.tui.ch\/de\/blog\/wp-content\/uploads\/2025\/10\/icon-kid-24x24.webp 24w, https:\/\/www.tui.ch\/de\/blog\/wp-content\/uploads\/2025\/10\/icon-kid-48x48.webp 48w, https:\/\/www.tui.ch\/de\/blog\/wp-content\/uploads\/2025\/10\/icon-kid-96x96.webp 96w, https:\/\/www.tui.ch\/de\/blog\/wp-content\/uploads\/2025\/10\/icon-kid-150x150.webp 150w, https:\/\/www.tui.ch\/de\/blog\/wp-content\/uploads\/2025\/10\/icon-kid-300x300.webp 300w\" sizes=\"auto, (max-width: 1778px) 100vw, 1778px\" \/><\/figure><\/div>\n<\/div><\/div>\n<\/div>\n<\/div><\/div>\n<\/div><\/div>\n\n<div class=\"gb-container gb-container-86c519b2\">\n\n<h2 class=\"gb-headline gb-headline-dc039d34 gb-headline-text\">Unsere Top Artikel<\/h2>\n\n\n    <div class=\"toparticle-item toparticle-block\">\r\n        <div class=\"row\">\r\n                            <article class=\"toparticle\" style=\"background-image: url('https:\/\/www.tui.ch\/de\/blog\/wp-content\/uploads\/2025\/02\/Bild-1-1-scaled-e1740056770683.jpg')\" role=\"img\" aria-label=\"Familienmomente bei Grecotel\">\r\n                    <a href=\"https:\/\/www.tui.ch\/de\/blog\/unvergessliche-ferienmomente-fuer-familien-paare-bei-grecotel\/\" target=\"https:\/\/www.tui.ch\/de\/blog\/unvergessliche-ferienmomente-fuer-familien-paare-bei-grecotel\/\" class=\"toparticle-gradient\" aria-label=\"Top Article Link\"><\/a>\r\n                                            <div class=\"toparticle-panel \">\r\n                            <p class=\"toparticle-title\">Familienmomente bei Grecotel<\/p>\r\n                                                    <\/div>\r\n                                    <\/article>\r\n                            <article class=\"toparticle\" style=\"background-image: url('https:\/\/www.tui.ch\/de\/blog\/wp-content\/uploads\/2017\/11\/670x361_postbild-Die-5-beliebtesten-Familienhotels-in-Spanien.jpg')\" role=\"img\" aria-label=\"Familienzeit in Spanien\">\r\n                    <a href=\"https:\/\/www.tui.ch\/de\/blog\/das-sind-die-5-beliebtesten-familienhotels-in-spanien\/\" target=\"https:\/\/www.tui.ch\/de\/blog\/das-sind-die-5-beliebtesten-familienhotels-in-spanien\/\" class=\"toparticle-gradient\" aria-label=\"Top Article Link\"><\/a>\r\n                                            <div class=\"toparticle-panel \">\r\n                            <p class=\"toparticle-title\">Familienzeit in Spanien<\/p>\r\n                                                    <\/div>\r\n                                    <\/article>\r\n                    <\/div>\r\n    <\/div>\r\n\n<\/div>\n\n<div class=\"gb-container gb-container-0471e53d\"><div class=\"gb-inside-container\">\n<section class=\"article-block container\">\r\n\r\n    <h2>Unsere neusten Familienferien-Artikel<\/h2>\r\n            <div class=\"highlighted-article\" id=\"\">\r\n            \r\n                                            \r\n\r\n                    <article class=\"highlighted-article--container\">\r\n                        <div class=\"highlighted-article__grid\">\r\n                            <a href=\"https:\/\/www.tui.ch\/de\/blog\/unter-wasser-und-ueber-duenen-sharm-el-sheikh-mit-eva-wannemacher-erleben\/\" class=\"teaser\" style=\"background-image:url('https:\/\/www.tui.ch\/de\/blog\/wp-content\/uploads\/2025\/10\/AdobeStock_506771843-scaled-1.jpeg');\" aria-label=\"Unter Wasser und \u00fcber D\u00fcnen: Sharm el-Sheikh mit Eva Wannemacher erleben\"><\/a>\r\n                            <div class=\"highlighted-article__content\">\r\n                                                                                                    <span class=\"highlighted-article__category\">Familienferien<\/span>\r\n                                                                <h3 class=\"title\"><a href=\"https:\/\/www.tui.ch\/de\/blog\/unter-wasser-und-ueber-duenen-sharm-el-sheikh-mit-eva-wannemacher-erleben\/\">Unter Wasser und \u00fcber D\u00fcnen: Sharm el-Sheikh mit Eva Wannemacher erleben<\/a><\/h3>\r\n                                <time datetime=\"Fr..Okt..2025\" itemprop=\"datePublished\">10.10.2025<\/time>\r\n                                <p class=\"excerpt\">Sharm el-Sheikh klingt f\u00fcr viele nach All-Inclusive, Pool und Sonne satt. Doch Eva Wannenmacher zeigt in der neuen Folge von Tsch\u00fcss &amp; Ciao, dass hier viel mehr auf dich wartet: eine lebendige Unterwasserwelt, Abenteuer in der W\u00fcste, Begegnungen mit Menschen \u2013 und das Gef\u00fchl, dass ein Familienurlaub nicht nur Erholung, <span class=\"read-more\"><a href=\"https:\/\/www.tui.ch\/de\/blog\/unter-wasser-und-ueber-duenen-sharm-el-sheikh-mit-eva-wannemacher-erleben\/\">Weiterlesen<\/a><\/span><\/p>\r\n                            <\/div>\r\n                        <\/div>\r\n\r\n                    <\/article>\r\n\r\n                \r\n                                                                <div class=\"articles\">\r\n                                                <a href=\"https:\/\/www.tui.ch\/de\/blog\/unvergessliche-ferienmomente-fuer-familien-paare-bei-grecotel\/\" aria-label=\"Unvergessliche Ferienmomente f\u00fcr Familien &#038; Paare bei Grecotel\">\r\n                            <img decoding=\"async\" src=\"https:\/\/www.tui.ch\/de\/blog\/wp-content\/uploads\/2025\/02\/Bild-1-1-scaled-e1740056770683-390x220.jpg\" loading=\"lazy\" width=\"100%\" height=\"auto\" alt=\"\">\r\n                        <\/a>\r\n                        <div class=\"\">\r\n                                                        <div class=\"info-grid\">\r\n                                <div><span class=\"highlighted-article__category\">Familienferien<\/span><\/div>\r\n                                <div class=\"time\"><time datetime=\"Do..Feb..2025\" itemprop=\"datePublished\">20.02.2025<\/time><\/div>\r\n                            <\/div>\r\n                            <h3 class=\"title\"><a href=\"https:\/\/www.tui.ch\/de\/blog\/unvergessliche-ferienmomente-fuer-familien-paare-bei-grecotel\/\">Unvergessliche Ferienmomente f\u00fcr Familien &#038; Paare bei Grecotel<\/a><\/h3>\r\n                        <\/div>\r\n                    <\/div>\r\n\r\n                \r\n                                                                <div class=\"articles\">\r\n                                                <a href=\"https:\/\/www.tui.ch\/de\/blog\/diese-5-familienhotels-in-griechenland-sind-bei-unseren-gaesten-besonders-beliebt\/\" aria-label=\"Diese 5 Familienhotels in Griechenland sind bei unseren G\u00e4sten besonders beliebt\">\r\n                            <img decoding=\"async\" src=\"https:\/\/www.tui.ch\/de\/blog\/wp-content\/uploads\/2017\/11\/670x361_5-Familienhotels-Griechenland-390x210.jpg\" loading=\"lazy\" width=\"100%\" height=\"auto\" alt=\"5 Familienhotels Griechenland\">\r\n                        <\/a>\r\n                        <div class=\"\">\r\n                                                        <div class=\"info-grid\">\r\n                                <div><span class=\"highlighted-article__category\">Familienferien<\/span><\/div>\r\n                                <div class=\"time\"><time datetime=\"Fr..Nov..2017\" itemprop=\"datePublished\">17.11.2017<\/time><\/div>\r\n                            <\/div>\r\n                            <h3 class=\"title\"><a href=\"https:\/\/www.tui.ch\/de\/blog\/diese-5-familienhotels-in-griechenland-sind-bei-unseren-gaesten-besonders-beliebt\/\">Diese 5 Familienhotels in Griechenland sind bei unseren G\u00e4sten besonders beliebt<\/a><\/h3>\r\n                        <\/div>\r\n                    <\/div>\r\n\r\n                \r\n                                                                <div class=\"articles\">\r\n                                                <a href=\"https:\/\/www.tui.ch\/de\/blog\/das-sind-die-5-beliebtesten-familienhotels-in-spanien\/\" aria-label=\"Das sind die 5 beliebtesten Familienhotels in Spanien\">\r\n                            <img decoding=\"async\" src=\"https:\/\/www.tui.ch\/de\/blog\/wp-content\/uploads\/2017\/11\/670x361_postbild-Die-5-beliebtesten-Familienhotels-in-Spanien-390x210.jpg\" loading=\"lazy\" width=\"100%\" height=\"auto\" alt=\"Die 5 beliebtesten Familienhotels in Spanien\">\r\n                        <\/a>\r\n                        <div class=\"\">\r\n                                                        <div class=\"info-grid\">\r\n                                <div><span class=\"highlighted-article__category\">Familienferien<\/span><\/div>\r\n                                <div class=\"time\"><time datetime=\"Fr..Nov..2017\" itemprop=\"datePublished\">03.11.2017<\/time><\/div>\r\n                            <\/div>\r\n                            <h3 class=\"title\"><a href=\"https:\/\/www.tui.ch\/de\/blog\/das-sind-die-5-beliebtesten-familienhotels-in-spanien\/\">Das sind die 5 beliebtesten Familienhotels in Spanien<\/a><\/h3>\r\n                        <\/div>\r\n                    <\/div>\r\n\r\n                \r\n                                    \r\n        <\/div>\r\n    \r\n<\/section>\n<\/div><\/div>\n\n<div class=\"gb-container gb-container-e990a9b7\">\n<div class=\"gb-button-wrapper gb-button-wrapper-667eabda\">\n\n<a class=\"gb-button gb-button-47db0ba3 gb-button-text tui-btn\" href=\"\/blog\/archiv-familienferien\/\">Alle ansehen<\/a>\n\n<\/div>\n<\/div>\n\n<div class=\"gb-container gb-container-7756686b\"><div class=\"gb-inside-container\">\n<div class=\"gb-container gb-container-929eed9e\"><div class=\"gb-inside-container\"><\/div><\/div>\n<\/div><\/div>\n\n<div class=\"gb-container gb-container-f1b4b9c6\"><div class=\"gb-inside-container\">\n\n<h2 class=\"gb-headline gb-headline-db235040 gb-headline-text\">Unsere beliebtesten Reiseziele am Meer<\/h2>\n\n\n    <div class=\"teaser-item teaser-block\">\r\n        <div class=\"row\">\r\n                            <article class=\"teaserbox\" style=\"background-image: url('')\">\r\n                    <a href=\"https:\/\/www.tui.ch\/de\/blog\/tag\/mallorca\/\" target=\"_self\"\r\n                       class=\"teaserbox-gradient\"\r\n                       aria-label=\"Mallorca\"><\/a>\r\n                                            <div class=\"teaser-panel\">\r\n                            <p class=\"teaserbox-title\">Mallorca<\/p>\r\n                        <\/div>\r\n                                    <\/article>\r\n                            <article class=\"teaserbox\" style=\"background-image: url('')\">\r\n                    <a href=\"https:\/\/www.tui.ch\/de\/blog\/tag\/aegypten\/\" target=\"_blank\"\r\n                       class=\"teaserbox-gradient\"\r\n                       aria-label=\"\u00c4gypten\"><\/a>\r\n                                            <div class=\"teaser-panel\">\r\n                            <p class=\"teaserbox-title\">\u00c4gypten<\/p>\r\n                        <\/div>\r\n                                    <\/article>\r\n                            <article class=\"teaserbox\" style=\"background-image: url('')\">\r\n                    <a href=\"https:\/\/www.tui.ch\/de\/blog\/tag\/griechenland\/\" target=\"_blank\"\r\n                       class=\"teaserbox-gradient\"\r\n                       aria-label=\"Griechenland\"><\/a>\r\n                                            <div class=\"teaser-panel\">\r\n                            <p class=\"teaserbox-title\">Griechenland<\/p>\r\n                        <\/div>\r\n                                    <\/article>\r\n                            <article class=\"teaserbox\" style=\"background-image: url('')\">\r\n                    <a href=\"https:\/\/www.tui.ch\/de\/blog\/tag\/italien\/\" target=\"_blank\"\r\n                       class=\"teaserbox-gradient\"\r\n                       aria-label=\"Italien\"><\/a>\r\n                                            <div class=\"teaser-panel\">\r\n                            <p class=\"teaserbox-title\">Italien<\/p>\r\n                        <\/div>\r\n                                    <\/article>\r\n                    <\/div>\r\n    <\/div>\r\n\n<\/div><\/div>\n\n<div class=\"gb-container gb-container-ce7e561e\"><div class=\"gb-inside-container\">\n\n<h2 class=\"gb-headline gb-headline-735fafd4 gb-headline-text\">Mallorca auf dem TUI Reiseblog<\/h2>\n\n\n<section class=\"article-block container\">\r\n\r\n    \r\n                        \r\n<\/section>\n<\/div><\/div>\n\n<div class=\"gb-container gb-container-5074aecd\"><div class=\"gb-inside-container\">\n<div class=\"gb-button-wrapper gb-button-wrapper-02fdb816\">\n\n<a class=\"gb-button gb-button-bcac2229 gb-button-text tui-btn\" href=\"https:\/\/www.tui.ch\/de\/blog\/tag\/mallorca\/\">Alle ansehen<\/a>\n\n<\/div>\n<\/div><\/div>","protected":false},"excerpt":{"rendered":"<p>Unsere Top Artikel Unsere beliebtesten Reiseziele am Meer Mallorca auf dem TUI Reiseblog<\/p>\n","protected":false},"author":160,"featured_media":488153,"parent":0,"menu_order":0,"comment_status":"closed","ping_status":"closed","template":"","meta":{"_acf_changed":false,"footnotes":""},"class_list":["post-488143","page","type-page","status-publish","has-post-thumbnail"],"acf":[],"yoast_head":"<!-- This site is optimized with the Yoast SEO plugin v27.4 - https:\/\/yoast.com\/product\/yoast-seo-wordpress\/ -->\n<title>Familienferien \u2013 Tipps &amp; Reiseideen - TUI.ch Reiseblog<\/title>\n<meta name=\"description\" content=\"Entdecke auf dem TUI Blog familienfreundliche Reiseziele, Tipps &amp; Ideen f\u00fcr unvergessliche Ferien mit Kindern voller Spass, Abenteuer &amp; gemeinsamer Zeit!\" \/>\n<meta name=\"robots\" content=\"index, follow, max-snippet:-1, max-image-preview:large, max-video-preview:-1\" \/>\n<link rel=\"canonical\" href=\"https:\/\/www.tui.ch\/de\/blog\/familienferien\/\" \/>\n<meta property=\"og:locale\" content=\"de_DE\" \/>\n<meta property=\"og:type\" content=\"article\" \/>\n<meta property=\"og:title\" content=\"Familienferien \u2013 Tipps &amp; Reiseideen - TUI.ch Reiseblog\" \/>\n<meta property=\"og:description\" content=\"Entdecke auf dem TUI Blog familienfreundliche Reiseziele, Tipps &amp; Ideen f\u00fcr unvergessliche Ferien mit Kindern voller Spass, Abenteuer &amp; gemeinsamer Zeit!\" \/>\n<meta property=\"og:url\" content=\"https:\/\/www.tui.ch\/de\/blog\/familienferien\/\" \/>\n<meta property=\"og:site_name\" content=\"TUI.ch Reiseblog\" \/>\n<meta property=\"article:modified_time\" content=\"2025-10-28T14:55:53+00:00\" \/>\n<meta property=\"og:image\" content=\"https:\/\/www.tui.ch\/de\/blog\/wp-content\/uploads\/2025\/10\/familienurlaub-AdobeStock-420022602-Me-studio.webp\" \/>\n\t<meta property=\"og:image:width\" content=\"1920\" \/>\n\t<meta property=\"og:image:height\" content=\"651\" \/>\n\t<meta property=\"og:image:type\" content=\"image\/webp\" \/>\n<meta name=\"twitter:card\" content=\"summary_large_image\" \/>\n<script type=\"application\/ld+json\" class=\"yoast-schema-graph\">{\"@context\":\"https:\\\/\\\/schema.org\",\"@graph\":[{\"@type\":\"WebPage\",\"@id\":\"https:\\\/\\\/www.tui.ch\\\/de\\\/blog\\\/familienferien\\\/\",\"url\":\"https:\\\/\\\/www.tui.ch\\\/de\\\/blog\\\/familienferien\\\/\",\"name\":\"Familienferien \u2013 Tipps & Reiseideen - TUI.ch Reiseblog\",\"isPartOf\":{\"@id\":\"https:\\\/\\\/www.tui.ch\\\/de\\\/blog\\\/#website\"},\"primaryImageOfPage\":{\"@id\":\"https:\\\/\\\/www.tui.ch\\\/de\\\/blog\\\/familienferien\\\/#primaryimage\"},\"image\":{\"@id\":\"https:\\\/\\\/www.tui.ch\\\/de\\\/blog\\\/familienferien\\\/#primaryimage\"},\"thumbnailUrl\":\"https:\\\/\\\/www.tui.ch\\\/de\\\/blog\\\/wp-content\\\/uploads\\\/2025\\\/10\\\/familienurlaub-AdobeStock-420022602-Me-studio.webp\",\"datePublished\":\"2025-10-28T13:44:19+00:00\",\"dateModified\":\"2025-10-28T14:55:53+00:00\",\"description\":\"Entdecke auf dem TUI Blog familienfreundliche Reiseziele, Tipps & Ideen f\u00fcr unvergessliche Ferien mit Kindern voller Spass, Abenteuer & gemeinsamer Zeit!\",\"breadcrumb\":{\"@id\":\"https:\\\/\\\/www.tui.ch\\\/de\\\/blog\\\/familienferien\\\/#breadcrumb\"},\"inLanguage\":\"de\",\"potentialAction\":[{\"@type\":\"ReadAction\",\"target\":[\"https:\\\/\\\/www.tui.ch\\\/de\\\/blog\\\/familienferien\\\/\"]}]},{\"@type\":\"ImageObject\",\"inLanguage\":\"de\",\"@id\":\"https:\\\/\\\/www.tui.ch\\\/de\\\/blog\\\/familienferien\\\/#primaryimage\",\"url\":\"https:\\\/\\\/www.tui.ch\\\/de\\\/blog\\\/wp-content\\\/uploads\\\/2025\\\/10\\\/familienurlaub-AdobeStock-420022602-Me-studio.webp\",\"contentUrl\":\"https:\\\/\\\/www.tui.ch\\\/de\\\/blog\\\/wp-content\\\/uploads\\\/2025\\\/10\\\/familienurlaub-AdobeStock-420022602-Me-studio.webp\",\"width\":1920,\"height\":651},{\"@type\":\"BreadcrumbList\",\"@id\":\"https:\\\/\\\/www.tui.ch\\\/de\\\/blog\\\/familienferien\\\/#breadcrumb\",\"itemListElement\":[{\"@type\":\"ListItem\",\"position\":1,\"name\":\"Startseite\",\"item\":\"https:\\\/\\\/www.tui.ch\\\/de\\\/blog\\\/\"},{\"@type\":\"ListItem\",\"position\":2,\"name\":\"Familienferien\"}]},{\"@type\":\"WebSite\",\"@id\":\"https:\\\/\\\/www.tui.ch\\\/de\\\/blog\\\/#website\",\"url\":\"https:\\\/\\\/www.tui.ch\\\/de\\\/blog\\\/\",\"name\":\"TUI.ch Reiseblog\",\"description\":\"Inspirationen, Tipps und Anregungen f\u00fcr deine Ferien\",\"publisher\":{\"@id\":\"https:\\\/\\\/www.tui.ch\\\/de\\\/blog\\\/#organization\"},\"potentialAction\":[{\"@type\":\"SearchAction\",\"target\":{\"@type\":\"EntryPoint\",\"urlTemplate\":\"https:\\\/\\\/www.tui.ch\\\/de\\\/blog\\\/?s={search_term_string}\"},\"query-input\":{\"@type\":\"PropertyValueSpecification\",\"valueRequired\":true,\"valueName\":\"search_term_string\"}}],\"inLanguage\":\"de\"},{\"@type\":\"Organization\",\"@id\":\"https:\\\/\\\/www.tui.ch\\\/de\\\/blog\\\/#organization\",\"name\":\"TUI.ch Reiseblog\",\"url\":\"https:\\\/\\\/www.tui.ch\\\/de\\\/blog\\\/\",\"logo\":{\"@type\":\"ImageObject\",\"inLanguage\":\"de\",\"@id\":\"https:\\\/\\\/www.tui.ch\\\/de\\\/blog\\\/#\\\/schema\\\/logo\\\/image\\\/\",\"url\":\"https:\\\/\\\/www.tui.ch\\\/de\\\/blog\\\/wp-content\\\/uploads\\\/2025\\\/09\\\/cropped-tui-logo-3.webp\",\"contentUrl\":\"https:\\\/\\\/www.tui.ch\\\/de\\\/blog\\\/wp-content\\\/uploads\\\/2025\\\/09\\\/cropped-tui-logo-3.webp\",\"width\":164,\"height\":72,\"caption\":\"TUI.ch Reiseblog\"},\"image\":{\"@id\":\"https:\\\/\\\/www.tui.ch\\\/de\\\/blog\\\/#\\\/schema\\\/logo\\\/image\\\/\"}}]}<\/script>\n<!-- \/ Yoast SEO plugin. -->","yoast_head_json":{"title":"Familienferien \u2013 Tipps & Reiseideen - TUI.ch Reiseblog","description":"Entdecke auf dem TUI Blog familienfreundliche Reiseziele, Tipps & Ideen f\u00fcr unvergessliche Ferien mit Kindern voller Spass, Abenteuer & gemeinsamer Zeit!","robots":{"index":"index","follow":"follow","max-snippet":"max-snippet:-1","max-image-preview":"max-image-preview:large","max-video-preview":"max-video-preview:-1"},"canonical":"https:\/\/www.tui.ch\/de\/blog\/familienferien\/","og_locale":"de_DE","og_type":"article","og_title":"Familienferien \u2013 Tipps & Reiseideen - TUI.ch Reiseblog","og_description":"Entdecke auf dem TUI Blog familienfreundliche Reiseziele, Tipps & Ideen f\u00fcr unvergessliche Ferien mit Kindern voller Spass, Abenteuer & gemeinsamer Zeit!","og_url":"https:\/\/www.tui.ch\/de\/blog\/familienferien\/","og_site_name":"TUI.ch Reiseblog","article_modified_time":"2025-10-28T14:55:53+00:00","og_image":[{"width":1920,"height":651,"url":"https:\/\/www.tui.ch\/de\/blog\/wp-content\/uploads\/2025\/10\/familienurlaub-AdobeStock-420022602-Me-studio.webp","type":"image\/webp"}],"twitter_card":"summary_large_image","schema":{"@context":"https:\/\/schema.org","@graph":[{"@type":"WebPage","@id":"https:\/\/www.tui.ch\/de\/blog\/familienferien\/","url":"https:\/\/www.tui.ch\/de\/blog\/familienferien\/","name":"Familienferien \u2013 Tipps & Reiseideen - TUI.ch Reiseblog","isPartOf":{"@id":"https:\/\/www.tui.ch\/de\/blog\/#website"},"primaryImageOfPage":{"@id":"https:\/\/www.tui.ch\/de\/blog\/familienferien\/#primaryimage"},"image":{"@id":"https:\/\/www.tui.ch\/de\/blog\/familienferien\/#primaryimage"},"thumbnailUrl":"https:\/\/www.tui.ch\/de\/blog\/wp-content\/uploads\/2025\/10\/familienurlaub-AdobeStock-420022602-Me-studio.webp","datePublished":"2025-10-28T13:44:19+00:00","dateModified":"2025-10-28T14:55:53+00:00","description":"Entdecke auf dem TUI Blog familienfreundliche Reiseziele, Tipps & Ideen f\u00fcr unvergessliche Ferien mit Kindern voller Spass, Abenteuer & gemeinsamer Zeit!","breadcrumb":{"@id":"https:\/\/www.tui.ch\/de\/blog\/familienferien\/#breadcrumb"},"inLanguage":"de","potentialAction":[{"@type":"ReadAction","target":["https:\/\/www.tui.ch\/de\/blog\/familienferien\/"]}]},{"@type":"ImageObject","inLanguage":"de","@id":"https:\/\/www.tui.ch\/de\/blog\/familienferien\/#primaryimage","url":"https:\/\/www.tui.ch\/de\/blog\/wp-content\/uploads\/2025\/10\/familienurlaub-AdobeStock-420022602-Me-studio.webp","contentUrl":"https:\/\/www.tui.ch\/de\/blog\/wp-content\/uploads\/2025\/10\/familienurlaub-AdobeStock-420022602-Me-studio.webp","width":1920,"height":651},{"@type":"BreadcrumbList","@id":"https:\/\/www.tui.ch\/de\/blog\/familienferien\/#breadcrumb","itemListElement":[{"@type":"ListItem","position":1,"name":"Startseite","item":"https:\/\/www.tui.ch\/de\/blog\/"},{"@type":"ListItem","position":2,"name":"Familienferien"}]},{"@type":"WebSite","@id":"https:\/\/www.tui.ch\/de\/blog\/#website","url":"https:\/\/www.tui.ch\/de\/blog\/","name":"TUI.ch Reiseblog","description":"Inspirationen, Tipps und Anregungen f\u00fcr deine Ferien","publisher":{"@id":"https:\/\/www.tui.ch\/de\/blog\/#organization"},"potentialAction":[{"@type":"SearchAction","target":{"@type":"EntryPoint","urlTemplate":"https:\/\/www.tui.ch\/de\/blog\/?s={search_term_string}"},"query-input":{"@type":"PropertyValueSpecification","valueRequired":true,"valueName":"search_term_string"}}],"inLanguage":"de"},{"@type":"Organization","@id":"https:\/\/www.tui.ch\/de\/blog\/#organization","name":"TUI.ch Reiseblog","url":"https:\/\/www.tui.ch\/de\/blog\/","logo":{"@type":"ImageObject","inLanguage":"de","@id":"https:\/\/www.tui.ch\/de\/blog\/#\/schema\/logo\/image\/","url":"https:\/\/www.tui.ch\/de\/blog\/wp-content\/uploads\/2025\/09\/cropped-tui-logo-3.webp","contentUrl":"https:\/\/www.tui.ch\/de\/blog\/wp-content\/uploads\/2025\/09\/cropped-tui-logo-3.webp","width":164,"height":72,"caption":"TUI.ch Reiseblog"},"image":{"@id":"https:\/\/www.tui.ch\/de\/blog\/#\/schema\/logo\/image\/"}}]}},"_links":{"self":[{"href":"https:\/\/www.tui.ch\/de\/blog\/wp-json\/wp\/v2\/pages\/488143","targetHints":{"allow":["GET"]}}],"collection":[{"href":"https:\/\/www.tui.ch\/de\/blog\/wp-json\/wp\/v2\/pages"}],"about":[{"href":"https:\/\/www.tui.ch\/de\/blog\/wp-json\/wp\/v2\/types\/page"}],"author":[{"embeddable":true,"href":"https:\/\/www.tui.ch\/de\/blog\/wp-json\/wp\/v2\/users\/160"}],"replies":[{"embeddable":true,"href":"https:\/\/www.tui.ch\/de\/blog\/wp-json\/wp\/v2\/comments?post=488143"}],"version-history":[{"count":4,"href":"https:\/\/www.tui.ch\/de\/blog\/wp-json\/wp\/v2\/pages\/488143\/revisions"}],"predecessor-version":[{"id":488273,"href":"https:\/\/www.tui.ch\/de\/blog\/wp-json\/wp\/v2\/pages\/488143\/revisions\/488273"}],"wp:featuredmedia":[{"embeddable":true,"href":"https:\/\/www.tui.ch\/de\/blog\/wp-json\/wp\/v2\/media\/488153"}],"wp:attachment":[{"href":"https:\/\/www.tui.ch\/de\/blog\/wp-json\/wp\/v2\/media?parent=488143"}],"curies":[{"name":"wp","href":"https:\/\/api.w.org\/{rel}","templated":true}]}}